d. Is r/(-4)*(-2384)/(-24) prime?
True
Suppose -3*t + 5*t = 8. Suppose -a - t*a = 5. Is 0 + a - 2*-56 prime?
False
Suppose -3*f - i = -1134, 3*i + 1122 = -0*f + 3*f. Is f a composite number?
True
Suppose -3*v + 6*v = 711. Is v a prime number?
False
Suppose -8*r - 1670 = -6750. Is r a composite number?
True
Suppose -2*k - 2019 = -5*k. Is k a composite number?
False
Let l = -4 + 6. Suppose -5*p + 165 = -l*p. Is p prime?
False
Let o = -159 - -462. Is o composite?
True
Let p(v) = -v - 2. Let d be p(-1). Let x = -17 + d. Let u = x + 31. Is u composite?
False
Let l be 21/14 + 25038/(-4). Is (-1)/2 + l/(-12) a composite number?
False
Let s(c) = -130*c - 15. Is s(-5) a prime number?
False
Is 586*((-6)/4)/(-3) a prime number?
True
Let o(b) = -12*b - 9. Let w be o(-10). Suppose -j - 2*q + 61 = 0, 5*j - 5*q - 224 - w = 0. Is j prime?
False
Suppose r - 4 + 2 = 0. Suppose -1 = l + r*j, j + 11 = -3*l - j. Is (7*1)/(l/(-25)) composite?
True
Suppose 0*m - 5*m - 2*q - 122 = 0, 0 = m + 3*q + 27. Let h = 67 + m. Is h a composite number?
False
Suppose -f + 417 = 5*g + 2697, 0 = 5*g + 4*f + 2280. Let h = g - -837. Is h composite?
True
Let w(z) = 82*z - 3. Is w(2) prime?
False
Suppose -3*x = 3*d, 4*d - 5*d - 4 = -x. Is x a prime number?
True
Let f(g) be the third derivative of g**4/12 - 5*g**3/3 - g**2. Let k be f(7). Is 1 + 11 - (3 - k) a composite number?
False
Let y = 13 - 8. Suppose 0 = -2*d - d - 3*g + 3, -1 = -d - y*g. Let j = d - -1. Is j a composite number?
False
Suppose 3*v = 5*d + 2*v - 1, 0 = 4*d - 4*v + 12. Let s = 11 - d. Is 2676/30 - 2/s a composite number?
False
Suppose 10 = -0*d + 2*d. Suppose 4*l = -4*j + 1168, -d*l - 976 + 2443 = -2*j. Suppose k = 3, -l = -4*v - 0*k + 5*k. Is v composite?
True
Let z = -311 + 150. Let c = -341 - -629. Let a = c + z. Is a composite?
False
Suppose 4*t - 62 = -2*n, 0 = 4*n - t - 33 - 118. Is n composite?
False
Is (-2)/(-6) + 8290/15 a prime number?
False
Is (1*58)/(5/5) composite?
True
Let f = -24 - -17. Let c = 11 + f. Suppose p = c*y + 58, -3*p - 5*y + 174 = -0*y. Is p composite?
True
Let a(z) be the third derivative of z**7/2520 - z**6/120 - z**5/20 + z**4/24 - 3*z**2. Let b(n) be the second derivative of a(n). Is b(-5) prime?
False
Let j(l) be the second derivative of l**5/20 + 3*l**4/4 - l**3/2 - 2*l**2 - 3*l. Let s = -4 + -3. Is j(s) a composite number?
True
Suppose -4*a = 2*r - 32, 6*a = a - 3*r + 40. Suppose -b + 22 = a. Is b a composite number?
True
Let i(y) = -y**3 + 19*y**2 + 9*y - 23. Is i(10) a composite number?
False
Let y = 2 + 0. Suppose 2*i - 26 = -y*i - 2*b, 4*b + 4 = 0. Is i composite?
False
Is (5036/6)/(18/27) a prime number?
True
Suppose -3*t - 2*i + 176 = -6*i, 0 = 3*i + 15. Suppose 2*z + t = -2*k, 3*k + 4*z + 100 = 19. Is (0 - k) + 6/(-3) prime?
False
Let c = -1062 + 1513. Is c a prime number?
False
Let s = -16 + 24. Let a(z) = 2*z - 9. Let l be a(s). Suppose 2*w + 516 = 4*r, l*r - 3*r - 524 = 4*w. Is r composite?
False
Suppose 11*u - 2092 = 11405. Is u prime?
False
Let c(r) = -3 + 1 - 1 - r + 3*r. Let o be c(3). Suppose -t + o*q = 0, -t + 20 + 0 = q. Is t prime?
False
Suppose 2*x - 6*x + 176 = 0. Let p = 93 - x. Is p a composite number?
True
Is (211/2)/(4*(-2)/(-16)) a composite number?
False
Let o = -220 - -383. Is o a composite number?
False
Is -5 + (208*5)/2 composite?
True
Let d(m) = -6*m - 3. Let u(t) = t - 1. Let l(c) = -d(c) + 4*u(c). Let o be l(5). Suppose 5*b = -4*j + 19, o = j + 3*j - b. Is j a composite number?
False
Let x = -37 - -72. Let y = x + 12. Is y composite?
False
Suppose 0 = -2*m - 4*y + 20, -4*y + 15 = y. Suppose m*s = 5*g + 159, 45 = s + 5*g - 26. Is s a prime number?
False
Suppose 0 = -2*z - 5 + 15. Suppose -4*i = -0*y + y + 4, -i = -z*y - 20. Suppose 3*o + 2*o - 185 = i. Is o prime?
True
Suppose 45 = -0*y + 3*y. Let p = -11 + y. Suppose 234 = 2*n - 4*v, -248 = -p*n + 2*n - 3*v. Is n a composite number?
True
Let o(f) = 3*f**2 - 2*f - 2. Let l be o(-2). Let q = 8 + l. Suppose h + q = 3*h. Is h composite?
False
Let u be (-63)/(-15) - (-2)/(-10). Suppose -u*v + 5*v - 63 = 0. Suppose -2*n = -v - 11. Is n a prime number?
True
Let r(c) = 6*c**2 + 2*c + 1. Let t be r(-1). Suppose 0 = -t*h - 0*h + 1055. Is h a composite number?
False
Suppose -4*m + 4*a = -5*m - 2, 0 = 3*m + 2*a - 4. Suppose -m*r + 0*r = -148. Is r a composite number?
True
Let d = -101 + 144. Let m be (-4)/(-6) + 20/6. Suppose 0 = m*z - 5*c - 120, -z + 0*c - 2*c + d = 0. Is z a composite number?
True
Let q = -290 + 170. Let o = -63 - q. Is o a composite number?
True
Let i(u) = u**3 - 6*u**2 + u - 1. Let o(y) = -2*y**3 + 12*y**2 - 2*y + 3. Let q(p) = -5*i(p) - 3*o(p). Let k be q(6). Is k/5 - (-646)/10 prime?
False
Suppose 0 = 4*u + 1 + 3. Let r(q) = -27*q + 1. Let p be r(u). Suppose -2*v + v = 3*t - 37, v = 2*t - p. Is t a composite number?
False
Suppose -f - 4*j + 12 = -4*f, -4*j = 4*f - 12. Suppose f = -5*i - 4 - 11, 0 = -b + i + 7. Is b/(-1)*(-11)/2 a composite number?
True
Suppose -2*b = -i + 12, -3*i + 0*i = -4*b - 32. Let o be 2*34 - i/(-4). Suppose 0 = -8*v + 3*v - 5*u + o, 5*v = -u + 58. Is v composite?
False
Let z = -6 + 10. Let f be (3/6)/(1/156). Suppose -2*v - 2 = 0, g + z*v - 3*v = f. Is g composite?
False
Let v be 20/16*(2 + 2). Let z be (-2 + 1)*-1*29. Suppose v*c = z + 126. Is c a prime number?
True
Let v be ((-14)/4)/((-3)/6). Let l = 11 - v. Suppose l*t = 2*t + 74. Is t composite?
False
Suppose 20 = -3*b + 7*b. Let k(s) = s**3 - 4*s**2 + s - 7. Let r be k(b). Is 4 + -2 + (r - 2) a composite number?
False
Let j(z) = -z + 10. Suppose -3*y - 21 + 51 = 0. Let o be j(y). Suppose -2*a + 54 = -5*t, -5*t - 5 - 5 = o. Is a composite?
True
Let d(k) = 23*k**2 + k. Let l be d(2). Suppose i - l = -i. Is i a prime number?
True
Let g = -157 - -98. Let z = -24 - g. Is z a prime number?
False
Is (-2890)/(-20) - (-2)/4 a prime number?
False
Let j(m) be the third derivative of m**6/120 + 11*m**5/60 - m**4/6 + 5*m**3/6 + 3*m**2. Is j(-9) a prime number?
False
Suppose 0 = -3*s + 15, 12920 = 2*d + d - 5*s. Suppose 0 = -2*h - 2*g + 1726, 6*g - 3*g = 5*h - d. Is h a composite number?
False
Let w(p) = p**2 - 3*p - 4. Let m be w(4). Suppose m = 4*v - 15 - 109. Suppose 39 = 2*d - v. Is d a composite number?
True
Let p(y) = -5*y + 7. Let x be -41 + 2/(-1) - 2. Let k be ((-4)/(-6))/(5/x). Is p(k) a composite number?
False
Suppose -s + 336 = -358. Is s a composite number?
True
Let t(z) = z**3 + 3*z**2 - 6*z - 5. Let u be t(-4). Suppose -2*n + 565 = u*n. Is n a prime number?
True
Suppose 2 = -3*u + 17. Suppose -a - 519 + 149 = -4*g, -a + 467 = u*g. Let w = g + -16. Is w a prime number?
False
Suppose 4*i = 2217 - 637. Is i prime?
False
Let y = 6 - 3. Suppose 15 = 4*p + y. Is p composite?
False
Suppose -m - 91 = z, 4*z + 297 = z + 5*m. Let t = z + 147. Is t prime?
True
Let k be (-224)/36 + (-2)/(-9). Let x = 1 - k. Suppose 7 = q + 3*u, -2*u + 21 = 3*q - x*u. Is q a composite number?
False
Suppose 6*n - n + 17 = -4*s, -s - n - 4 = 0. Is (1/s)/((-1)/267) composite?
False
Suppose -5*h + 21 + 4 = 0. Suppose -4*r + h*u + 1589 = 0, r = 3*r - 5*u - 787. Let n = -178 + r. Is n composite?
False
Suppose -3*l + 3123 = 4*d, 0*d = l + 4*d - 1041. Is l prime?
False
Let p(s) = -9*s**2 - 7*s + 6. Let z(i) = 5*i**2 + 3*i - 3. Let r(b) = 4*p(b) + 9*z(b). Is r(-2) composite?
True
Let y(h) = 153*h - 41. Is y(6) a prime number?
True
Suppose -5*k = -d - 1674, 3*k - 1008 = -2*d - d. Is k a prime number?
False
Let t(m) = 7*m**2 + 5*m + 5. Is t(-5) prime?
False
Let n(a) = 8*a - 1. Let s be n(-1). Is 38*(s/6 - -2) composite?
False
Let v(g) be the first derivative of 6*g**2 - 3*g - 2. Is v(3) a composite number?
True
Let r(d) = -d - 13. Let q be r(-10). Is ((-33)/(-3))/(q/(-15)) a prime number?
False
Let v be (-4 - -12)*(-2)/(-2). Suppose -4*f = -599 - 121. Is f/v - 2/4 a prime number?
False
Suppose 2*y + 0 = 10. Let u be 0 - -1 - (y + -5). Suppose -h = u - 34. Is h composite?
True
Let v be 0 + ((-348)/(-1))/2. Suppose -v = -2*j - 4*m, -m + 64 = 2*j - 107. Is j a composite number?
True
Let g = -16 + 39. Suppose -5*z - 2 = g. Is z - (-3)/1 - -16 prime?
False
Let f(o) = -184*o + 1. Let a be f(-2). Suppose -5*s = a - 1909. Suppose -3*y - y = -s. Is y composite?
True
Suppose i = 2*y - y + 8, 32 = -4*y - 5*i. Let p be ((-36)/(-45))/((-4)/(-70)). Let l = p